{"id":1076,"date":"2024-06-26T19:19:31","date_gmt":"2024-06-27T00:19:31","guid":{"rendered":"https:\/\/corporaciongonza.com\/?post_type=product&#038;p=1076"},"modified":"2024-09-13T10:20:40","modified_gmt":"2024-09-13T15:20:40","slug":"toner-hp-cf230x-30x-l-j-p-m203dw-negro-original","status":"publish","type":"product","link":"https:\/\/corporaciongonza.com\/index.php\/product\/toner-hp-cf230x-30x-l-j-p-m203dw-negro-original\/","title":{"rendered":"TONER HP CF230X (30X) L.J.P M203DW NEGRO &#8211; ORIGINAL"},"content":{"rendered":"<h2>TONER HP CF230X (30X) L.J.P M203DW NEGRO &#8211; ORIGINAL<\/h2>\n<h3>Proteja su entorno de las falsificaciones<\/h3>\n<p>-No se deje enga\u00f1ar por cartuchos que intentan imitar a los cartuchos Originales HP. La innovadora tecnolog\u00eda antifraude permite identificar si un cartucho es Original HP, y si es usado o falso, para garantizar que obtiene la calidad de HP por la que ha pagado.<\/p>\n<h3>Texto en negro definido<\/h3>\n<p>-Mejore el funcionamiento de su impresora HP con el t\u00f3ner negro de precisi\u00f3n, dise\u00f1ado para ofrecer una colocaci\u00f3n uniforme de las part\u00edculas del t\u00f3ner y producir textos n\u00edtidos, negros intensos y gr\u00e1ficos definidos.<\/p>\n<h3>Calidad HP en cada impresi\u00f3n<\/h3>\n<p>Disfrute de resultados uniformes y de calidad profesional. Los cartuchos de t\u00f3ner Originales HP con JetIntelligence se han configurado de forma precisa para alcanzar el potente rendimiento de su impresora o impresora multifunci\u00f3n HP.<\/p>\n<h3>Empiece a imprimir de forma r\u00e1pida y sencilla<\/h3>\n<p>Sin retrasos ni suciedad: sustituya r\u00e1pidamente los cartuchos utilizando la extracci\u00f3n autom\u00e1tica del sello y los embalajes de apertura f\u00e1cil.<\/p>\n<p>&nbsp;<\/p>\n<h3>Cartuchos y Cabezales de Impresi\u00f3n<\/h3>\n<p>-Rendimiento:3500<\/p>\n<p>-Rendimiento de la p\u00e1gina (blanco y negro):~3.500 p\u00e1ginas<\/p>\n<p>-Color(es) de consumibles de impresi\u00f3n:Negro<\/p>\n<p>&nbsp;<\/p>\n<h3>Dimensiones<\/h3>\n<p>&#8211;<strong>Dimensiones m\u00ednimas<\/strong> (anch. x prof. x alt.):358 x 108 x 135 mm<\/p>\n<p>&#8211;<strong>Dimensiones del embalaje<\/strong> (An x F x Al): 358 x 108 x 135 mm<\/p>\n<p>&#8211;<strong>Dimensiones m\u00ednimas<\/strong> (anch. x prof. x alt.): 14,09 x 4,25 x 5,3 pulg-<\/p>\n<p>&#8211;<strong>Dimensiones del embalaje<\/strong> (An x F x Al): 14,09 x 4,25 x 5,3 pulg<\/p>\n<p>&nbsp;<\/p>\n","protected":false},"excerpt":{"rendered":"<h2 class=\"mb-3\">Detalles del producto<\/h2>\n<div class=\"product-single-w3l\">\n<ul>\n<li class=\"mb-1\"><strong>C\u00f3digo:<\/strong> 0506-013439<\/li>\n<li class=\"mb-1\"><strong>C\u00f3digo Interno:<\/strong> TOHPCF230X<\/li>\n<li class=\"mb-1\"><strong>PartNumber:<\/strong> CF230X<\/li>\n<li class=\"mb-1\"><strong>Marca:<\/strong> HEWLETT PACKARD<\/li>\n<li class=\"mb-1\"><b>L\u00ednea:<\/b> SUMINISTROS<\/li>\n<li class=\"mb-1\"><b>Sublinea:<\/b> SUMINISTROS DE IMP. LASER<\/li>\n<li class=\"mb-1\"><b>Grupo:<\/b> TONERS PARA IMPRESORA<\/li>\n<li class=\"mb-1\"><strong>Color:<\/strong> Negro<\/li>\n<li class=\"mb-1\"><strong>Compatibilidad:<\/strong> M203DW<\/li>\n<\/ul>\n<\/div>\n","protected":false},"featured_media":1077,"comment_status":"open","ping_status":"closed","template":"","meta":{"advanced_seo_description":"","jetpack_seo_html_title":"","jetpack_seo_noindex":false,"_joinchat":[]},"pwb-brand":[69],"product_cat":[15,131],"product_tag":[],"jetpack_sharing_enabled":true,"brands":[{"id":69,"name":"HP","slug":"hp"}],"_links":{"self":[{"href":"https:\/\/corporaciongonza.com\/index.php\/wp-json\/wp\/v2\/product\/1076"}],"collection":[{"href":"https:\/\/corporaciongonza.com\/index.php\/wp-json\/wp\/v2\/product"}],"about":[{"href":"https:\/\/corporaciongonza.com\/index.php\/wp-json\/wp\/v2\/types\/product"}],"replies":[{"embeddable":true,"href":"https:\/\/corporaciongonza.com\/index.php\/wp-json\/wp\/v2\/comments?post=1076"}],"wp:featuredmedia":[{"embeddable":true,"href":"https:\/\/corporaciongonza.com\/index.php\/wp-json\/wp\/v2\/media\/1077"}],"wp:attachment":[{"href":"https:\/\/corporaciongonza.com\/index.php\/wp-json\/wp\/v2\/media?parent=1076"}],"wp:term":[{"taxonomy":"pwb-brand","embeddable":true,"href":"https:\/\/corporaciongonza.com\/index.php\/wp-json\/wp\/v2\/pwb-brand?post=1076"},{"taxonomy":"product_cat","embeddable":true,"href":"https:\/\/corporaciongonza.com\/index.php\/wp-json\/wp\/v2\/product_cat?post=1076"},{"taxonomy":"product_tag","embeddable":true,"href":"https:\/\/corporaciongonza.com\/index.php\/wp-json\/wp\/v2\/product_tag?post=1076"}],"curies":[{"name":"wp","href":"https:\/\/api.w.org\/{rel}","templated":true}]}}