{"id":1306,"date":"2024-07-12T11:16:49","date_gmt":"2024-07-12T16:16:49","guid":{"rendered":"https:\/\/corporaciongonza.com\/?post_type=product&#038;p=1306"},"modified":"2024-09-12T13:15:48","modified_gmt":"2024-09-12T18:15:48","slug":"tinta-hp-3ed68a-712a-29ml-magenta-original","status":"publish","type":"product","link":"https:\/\/corporaciongonza.com\/index.php\/product\/tinta-hp-3ed68a-712a-29ml-magenta-original\/","title":{"rendered":"TINTA HP 3ED68A (712A) 29ML MAGENTA &#8211; ORIGINAL"},"content":{"rendered":"<h1 class=\"mb-3\">TINTA HP 3ED68A (712A) 29ML MAGENTA<\/h1>\n<p>El cartucho de tinta hp 712 Magenta, est\u00e1 dise\u00f1ada para altos est\u00e1ndares de calidad en impresiones a color, uno de los detalles importantes de este modelo 3ed68a es su precio en el mercado, ya que es econ\u00f3mica para la cantidad de impresiones que ofrece, esta tinta cuenta con un c\u00f3digo \u00fanico de la familia de hp la cual es 3ed68a y cuentan con insumos fabricados con alta tecnolog\u00eda y gota de tinta la cual no contamina, esta tinta hp 712 Magenta fue fabricada especialmente para impresiones de alta calidad que usted realice en su impresora.<\/p>\n<p>&nbsp;<\/p>\n<h3>RENDIMIENTO DEL PRODUCTO:<\/h3>\n<p>Rendimiento: La Tinta Hp 712 Magenta, cuenta con un rendimiento de 29 mililitros aproximadamente, esto variar\u00e1 seg\u00fan el tipo impresi\u00f3n que usted realice, pueden ser fotos que contenga solo texto lo cual consumir\u00e1 menos tinta del Color Magenta as\u00ed su rendimiento de este color se alargara m\u00e1s o puede ser que realice impresiones que contenga demasiado el Color Magenta y as\u00ed su rendimiento ser\u00e1 menor a lo indicado, ejemplo im\u00e1genes, fondos, textos entre otros que contengan m\u00e1s el color\u200b Magenta lo cual por l\u00f3gica se consumir\u00e1 m\u00e1s.<\/p>\n<p>&nbsp;<\/p>\n<h3>COMPATIBILIDAD DEL PRODUCTO:<\/h3>\n<p>Compatibilidad: La Tinta Hp 3ED68A 712 Magenta, Esta Dise\u00f1ado y compatible para usar con impresoras plotter de gran formato Hp DesignJet T210, T230, T250, T630, T650 y Studio Plotter, las cuales te ofrece calidades sorprendentes de impresi\u00f3n y con velocidades de impresi\u00f3n r\u00e1pidas y eficaces,<\/p>\n<p>&nbsp;<\/p>\n<p>&nbsp;<\/p>\n<h2>-Usar Con Los Siguientes Modelos De Impresoras y Studio Plotter.<\/h2>\n<h3>Hp DesignJet<\/h3>\n<p>Impresora Hp DesignJet T210 de 24 pulgadas<br \/>\nImpresora Hp DesignJet T230 de 24 pulgadas (5HB07A#B19)<br \/>\nImpresora Hp DesignJet T250 de 24 pulgadas (5HB06A#B19)<br \/>\nImpresora Hp DesignJet T630 de 24 pulgadas (5HB09A#B19)<br \/>\nImpresora Hp DesignJet T630 de 36 pulgadas (5HB11A#B19)<br \/>\nImpresora Hp DesignJet T650 de 24 pulgadas (5HB08A#B19)<br \/>\nImpresora Hp DesignJet T650 de 36 pulgadas (5HB10A#B19)<\/p>\n<h3>Hp DesignJet Studio Plotter<\/h3>\n<p>Impresora Hp DesignJet Studio de 24 pulgadas (5HB12A)<br \/>\nImpresora Hp DesignJet Studio de 36 pulgadas (5HB14A#B19)<br \/>\nImpresora Hp DesignJet Studio Steel de 24 pulgadas (5HB12C#B19)<br \/>\nImpresora Hp DesignJet Studio Steel de 36 pulgadas (5HB14C#B19)<\/p>\n<h2>Recomendaciones:<\/h2>\n<p>\u2013 El embalaje de transporte debe mantenerse protegido de la lluvia y de la humedad<br \/>\n\u2013 L\u00edmite de temperatura entre lo que debe almacenarse: -20 a 40\u00b0C<br \/>\n\u2013 Margen de temperaturas operativas 10 a 32.5\u00b0C<br \/>\n\u2013 Intervalo de humedad en funcionamiento: de 10 a 80% HR<br \/>\n\u2013 Humedad durante almacenamiento: 10 a 90% RH<br \/>\n\u2013 El embalaje de expedici\u00f3n debe mantenerse en posici\u00f3n vertical<br \/>\n\u2013 El embalaje de expedici\u00f3n no debe exponerse a la luz del sol.<\/p>\n<h2>RECOMENDACIONES:<\/h2>\n<p>\u2013 El embalaje de transporte debe mantenerse protegido de la lluvia y de la humedad.<br \/>\n\u2013 Mantener fuera del alcance de ni\u00f1os peque\u00f1os.<br \/>\n\u2013 Rango de temperatura de almacenamiento: de -20\u00b0C a 40\u00b0C<br \/>\n\u2013 Rango de temperatura de funcionamiento: de 10\u00b0C a 32.5\u00b0C<br \/>\n\u2013 Rango de humedad de almacenamiento: 10 a 80% de humedad relativa.<br \/>\n\u2013 Rango de humedad de funcionamiento: 20 a 80% de humedad relativa.<br \/>\n\u2013 El embalaje de expedici\u00f3n debe mantenerse en posici\u00f3n vertical<br \/>\n\u2013 El embalaje de expedici\u00f3n no debe exponerse a la luz del sol.<\/p>\n<h2>Condiciones de la garant\u00eda:<\/h2>\n<p><strong>El servicio de garant\u00eda tiene limitaciones. A continuaci\u00f3n se enumeran algunas de estas limitaciones:<\/strong><\/p>\n<p>Los t\u00e9rminos y las condiciones de la garant\u00eda ofrecen reparaci\u00f3n o sustituci\u00f3n (a discreci\u00f3n de HP) por defectos de material o mano de obra del fabricante. La garant\u00eda no protege contra da\u00f1os accidentales, p\u00e9rdida, causas naturales o cualquier otro evento no originado durante la fabricaci\u00f3n del producto.<br \/>\nHP puede reparar los productos con productos o piezas nuevos o previamente utilizados equivalentes a los nuevos en cuanto a rendimiento y confiabilidad, o con productos equivalentes a un producto original que haya dejado de fabricarse.<br \/>\nHP no se responsabiliza por la p\u00e9rdida de datos. Se recomienda tener un plan de copia de seguridad de datos.<br \/>\nEst\u00e1 disponible el soporte del software para las aplicaciones que HP vende con un producto o para aplicaciones que est\u00e1n preinstaladas en un producto HP, incluidos los sistemas operativos. El per\u00edodo de tiempo que admiten est\u00e1 disponible y la existencia de una tarifa para ese soporte var\u00eda seg\u00fan la l\u00ednea de productos. Para obtener informaci\u00f3n sobre el soporte del software para un producto HP espec\u00edfico, consulte la declaraci\u00f3n de garant\u00eda para el producto.<br \/>\nEs posible invalidar la garant\u00eda de un producto HP. Las fallas causadas por un componente no compatible o de terceros no est\u00e1n cubiertas por la garant\u00eda. La apertura de un componente o producto sellado anular\u00e1 la garant\u00eda. Algunos ejemplos de tales componentes o productos sellados incluyen unidades de disco, monitores y muchos productos de equipos de mano. La apertura de la carcasa no invalidar\u00e1 la garant\u00eda en los productos que est\u00e1n dise\u00f1ados para abrirse y actualizarse, tales como equipos de torre o de escritorio, o servidores.<\/p>\n<h2>Cuidado del producto y resoluci\u00f3n de problemas<\/h2>\n<p>El cliente puede influir en la calidad y la longevidad del hardware de HP.<\/p>\n<p>Para mantener el m\u00e1ximo rendimiento, un producto requiere atenci\u00f3n regular a variables como flujo de aire, control del polvo, las actualizaciones de controladores y actualizaciones de ROM del BIOS.<br \/>\nSi un producto falla, HP identificar\u00e1 la causa de la falla y propondr\u00e1 una soluci\u00f3n de forma remota. Si la falla se debe a un defecto de fabricaci\u00f3n y el producto est\u00e1 en garant\u00eda, HP, a distancia, diagnosticar\u00e1 y reparar\u00e1 o sustituir\u00e1 (a discreci\u00f3n de HP) el producto sin costo alguno. Si el producto est\u00e1 fuera del per\u00edodo de garant\u00eda, puede haber una tarifa para el diagn\u00f3stico y su soluci\u00f3n.<br \/>\nEs necesario que el cliente ayude a HP en la evaluaci\u00f3n de un producto defectuoso. HP puede pedirle al cliente que abra la caja del producto, retire el hardware, manipule el software o realice otras actividades de diagn\u00f3stico. La falta de ayuda y la imposibilidad de realizar diagn\u00f3sticos remotos dar\u00e1 lugar al cobro de una tarifa de servicio para servicios de diagn\u00f3stico en el sitio.<\/p>\n","protected":false},"excerpt":{"rendered":"<h2>DETALLES DEL PRODUCTO<\/h2>\n<p><strong>-Marca<\/strong>: Hp<br \/>\n<strong>-Modelo<\/strong>: 712<br \/>\n<strong>-color:<\/strong> Magenta<br \/>\n<strong>-codigo: <\/strong>3Ed68A<br \/>\n<strong>-Condicion: <\/strong>Nuevo<br \/>\n<strong>-Producto: <\/strong>Original<br \/>\n<strong>-Compatibilidad<\/strong>: Designjet t210, t230, t250, t630, t650<br \/>\n<strong>-Rendimiento<\/strong>: 29Ml<\/p>\n","protected":false},"featured_media":1305,"comment_status":"open","ping_status":"closed","template":"","meta":{"advanced_seo_description":"","jetpack_seo_html_title":"","jetpack_seo_noindex":false,"_joinchat":[]},"pwb-brand":[69],"product_cat":[138,121],"product_tag":[],"jetpack_sharing_enabled":true,"brands":[{"id":69,"name":"HP","slug":"hp"}],"_links":{"self":[{"href":"https:\/\/corporaciongonza.com\/index.php\/wp-json\/wp\/v2\/product\/1306"}],"collection":[{"href":"https:\/\/corporaciongonza.com\/index.php\/wp-json\/wp\/v2\/product"}],"about":[{"href":"https:\/\/corporaciongonza.com\/index.php\/wp-json\/wp\/v2\/types\/product"}],"replies":[{"embeddable":true,"href":"https:\/\/corporaciongonza.com\/index.php\/wp-json\/wp\/v2\/comments?post=1306"}],"wp:featuredmedia":[{"embeddable":true,"href":"https:\/\/corporaciongonza.com\/index.php\/wp-json\/wp\/v2\/media\/1305"}],"wp:attachment":[{"href":"https:\/\/corporaciongonza.com\/index.php\/wp-json\/wp\/v2\/media?parent=1306"}],"wp:term":[{"taxonomy":"pwb-brand","embeddable":true,"href":"https:\/\/corporaciongonza.com\/index.php\/wp-json\/wp\/v2\/pwb-brand?post=1306"},{"taxonomy":"product_cat","embeddable":true,"href":"https:\/\/corporaciongonza.com\/index.php\/wp-json\/wp\/v2\/product_cat?post=1306"},{"taxonomy":"product_tag","embeddable":true,"href":"https:\/\/corporaciongonza.com\/index.php\/wp-json\/wp\/v2\/product_tag?post=1306"}],"curies":[{"name":"wp","href":"https:\/\/api.w.org\/{rel}","templated":true}]}}