{"id":1906,"date":"2024-09-20T11:58:46","date_gmt":"2024-09-20T16:58:46","guid":{"rendered":"https:\/\/corporaciongonza.com\/?post_type=product&#038;p=1906"},"modified":"2024-09-20T11:58:46","modified_gmt":"2024-09-20T16:58:46","slug":"pack-cabezal-canon-bh-1-negro-ch-1-color-original","status":"publish","type":"product","link":"https:\/\/corporaciongonza.com\/index.php\/product\/pack-cabezal-canon-bh-1-negro-ch-1-color-original\/","title":{"rendered":"PACK CABEZAL CANON BH-1 NEGRO + CH-1 COLOR  &#8211; ORIGINAL"},"content":{"rendered":"<h2>PACK CABEZAL CANON BH-1 NEGRO + CH-1 COLOR &#8211; ORIGINAL<\/h2>\n<p>Canon introduce los nuevos cabezales de impresi\u00f3n f\u00e1ciles de reemplazar para la l\u00ednea PIXMA Serie G.<\/p>\n<p>Ahora los usuarios pueden reemplazar los cabezales de impresi\u00f3n por s\u00ed mismos en la comodidad de su hogar u oficina.<\/p>\n<h3>PARA IMPRESORAS PIXMA MEGA TANK<\/h3>\n<ul>\n<li>PIXMA G1100<\/li>\n<li>PIXMA G1110<\/li>\n<li>PIXMA G2100<\/li>\n<li>PIXMA G2101<\/li>\n<li>PIXMA G2110<\/li>\n<li>PIXMA G2111<\/li>\n<li>PIXMA G3100<\/li>\n<li>PIXMA G3101<\/li>\n<li>PIXMA G3110<\/li>\n<li>PIXMA G3111<\/li>\n<li>PIXMA G4100<\/li>\n<li>PIXMA G4102<\/li>\n<li>PIXMA G4110<\/li>\n<li>PIXMA G4111<\/li>\n<\/ul>\n<h4>Como Usar el Cabezal Canon BH-1 Negro + CH-1 Color<\/h4>\n<p>Recomendaciones para el uso del cabezal canon <strong>BH-1 + CH-1<\/strong> en negro y tricolor.<\/p>\n<ul>\n<li>El cabezal no debe abrirse hasta que est\u00e9 listo para ser utilizado.<\/li>\n<li>Retirar cuidadosamente la cinta protectora que lleva el cartucho y luego proceder con la instalaci\u00f3n inmediatamente.<\/li>\n<li>El cartucho lleva contactos electr\u00f3nicos \u00e9ste no debe ser tocado con la mano.<\/li>\n<li>Para saber m\u00e1s sobre la instalaci\u00f3n y m\u00e1s precauciones, consulte con el manual del usuario que viene con la impresora.<\/li>\n<li>Mantener este producto lejos del alcance de los ni\u00f1os.<\/li>\n<\/ul>\n<h3>BENEFICIOS<\/h3>\n<ul>\n<li>F\u00e1cil de instalar<\/li>\n<li>Econ\u00f3mico<\/li>\n<li>Menos tiempo de mantenimiento<\/li>\n<li>F\u00e1cilmente Disponible<\/li>\n<\/ul>\n<h3>Condiciones de la garant\u00eda:<\/h3>\n<p><strong>El servicio de garant\u00eda tiene limitaciones. A continuaci\u00f3n se enumeran algunas de estas limitaciones:<\/strong><\/p>\n<p>Los t\u00e9rminos y las condiciones de la garant\u00eda ofrecen reparaci\u00f3n o sustituci\u00f3n (a discreci\u00f3n de HP) por defectos de material o mano de obra del fabricante. La garant\u00eda no protege contra da\u00f1os accidentales, p\u00e9rdida, causas naturales o cualquier otro evento no originado durante la fabricaci\u00f3n del producto.<br \/>\nHP puede reparar los productos con productos o piezas nuevos o previamente utilizados equivalentes a los nuevos en cuanto a rendimiento y confiabilidad, o con productos equivalentes a un producto original que haya dejado de fabricarse.<br \/>\nHP no se responsabiliza por la p\u00e9rdida de datos. Se recomienda tener un plan de copia de seguridad de datos.<br \/>\nEst\u00e1 disponible el soporte del software para las aplicaciones que HP vende con un producto o para aplicaciones que est\u00e1n preinstaladas en un producto HP, incluidos los sistemas operativos. El per\u00edodo de tiempo que admiten est\u00e1 disponible y la existencia de una tarifa para ese soporte var\u00eda seg\u00fan la l\u00ednea de productos. Para obtener informaci\u00f3n sobre el soporte del software para un producto HP espec\u00edfico, consulte la declaraci\u00f3n de garant\u00eda para el producto.<br \/>\nEs posible invalidar la garant\u00eda de un producto HP. Las fallas causadas por un componente no compatible o de terceros no est\u00e1n cubiertas por la garant\u00eda. La apertura de un componente o producto sellado anular\u00e1 la garant\u00eda. Algunos ejemplos de tales componentes o productos sellados incluyen unidades de disco, monitores y muchos productos de equipos de mano. La apertura de la carcasa no invalidar\u00e1 la garant\u00eda en los productos que est\u00e1n dise\u00f1ados para abrirse y actualizarse, tales como equipos de torre o de escritorio, o servidores.<\/p>\n<h3>Cuidado del producto y resoluci\u00f3n de problemas<\/h3>\n<p>El cliente puede influir en la calidad y la longevidad del hardware de HP.<\/p>\n<p>Para mantener el m\u00e1ximo rendimiento, un producto requiere atenci\u00f3n regular a variables como flujo de aire, control del polvo, las actualizaciones de controladores y actualizaciones de ROM del BIOS.<br \/>\nSi un producto falla, HP identificar\u00e1 la causa de la falla y propondr\u00e1 una soluci\u00f3n de forma remota. Si la falla se debe a un defecto de fabricaci\u00f3n y el producto est\u00e1 en garant\u00eda, HP, a distancia, diagnosticar\u00e1 y reparar\u00e1 o sustituir\u00e1 (a discreci\u00f3n de HP) el producto sin costo alguno. Si el producto est\u00e1 fuera del per\u00edodo de garant\u00eda, puede haber una tarifa para el diagn\u00f3stico y su soluci\u00f3n.<br \/>\nEs necesario que el cliente ayude a HP en la evaluaci\u00f3n de un producto defectuoso. HP puede pedirle al cliente que abra la caja del producto, retire el hardware, manipule el software o realice otras actividades de diagn\u00f3stico. La falta de ayuda y la imposibilidad de realizar diagn\u00f3sticos remotos dar\u00e1 lugar al cobro de una tarifa de servicio para servicios de diagn\u00f3stico en el sitio.<\/p>\n","protected":false},"excerpt":{"rendered":"<h4 class=\"mb-3\">DETALLES DEL PRODUCTO<\/h4>\n<div class=\"product-single-w3l\">\n<ul>\n<li class=\"mb-1\"><strong>C\u00f3digo:<\/strong> 0505-030085<\/li>\n<li class=\"mb-1\"><strong>C\u00f3digo Interno:<\/strong> TICBH1CH1<\/li>\n<li class=\"mb-1\"><strong>PartNumber:<\/strong> 0692C005AA<\/li>\n<li class=\"mb-1\"><strong>Marca:<\/strong> CANON<\/li>\n<li class=\"mb-1\"><b>L\u00ednea:<\/b> SUMINISTROS<\/li>\n<li class=\"mb-1\"><b>Sublinea:<\/b> SUMINISTROS DE IMP. DE TINTA<\/li>\n<li class=\"mb-1\"><b>Grupo:<\/b> CABEZALES PARA IMP. NORMAL<\/li>\n<\/ul>\n<\/div>\n","protected":false},"featured_media":1907,"comment_status":"open","ping_status":"closed","template":"","meta":{"advanced_seo_description":"","jetpack_seo_html_title":"","jetpack_seo_noindex":false,"_joinchat":[]},"pwb-brand":[77],"product_cat":[162,125],"product_tag":[],"jetpack_sharing_enabled":true,"brands":[{"id":77,"name":"CANON","slug":"canon"}],"_links":{"self":[{"href":"https:\/\/corporaciongonza.com\/index.php\/wp-json\/wp\/v2\/product\/1906"}],"collection":[{"href":"https:\/\/corporaciongonza.com\/index.php\/wp-json\/wp\/v2\/product"}],"about":[{"href":"https:\/\/corporaciongonza.com\/index.php\/wp-json\/wp\/v2\/types\/product"}],"replies":[{"embeddable":true,"href":"https:\/\/corporaciongonza.com\/index.php\/wp-json\/wp\/v2\/comments?post=1906"}],"wp:featuredmedia":[{"embeddable":true,"href":"https:\/\/corporaciongonza.com\/index.php\/wp-json\/wp\/v2\/media\/1907"}],"wp:attachment":[{"href":"https:\/\/corporaciongonza.com\/index.php\/wp-json\/wp\/v2\/media?parent=1906"}],"wp:term":[{"taxonomy":"pwb-brand","embeddable":true,"href":"https:\/\/corporaciongonza.com\/index.php\/wp-json\/wp\/v2\/pwb-brand?post=1906"},{"taxonomy":"product_cat","embeddable":true,"href":"https:\/\/corporaciongonza.com\/index.php\/wp-json\/wp\/v2\/product_cat?post=1906"},{"taxonomy":"product_tag","embeddable":true,"href":"https:\/\/corporaciongonza.com\/index.php\/wp-json\/wp\/v2\/product_tag?post=1906"}],"curies":[{"name":"wp","href":"https:\/\/api.w.org\/{rel}","templated":true}]}}