{"id":1999,"date":"2025-02-18T14:45:16","date_gmt":"2025-02-18T19:45:16","guid":{"rendered":"https:\/\/corporaciongonza.com\/?post_type=product&#038;p=1999"},"modified":"2025-02-18T14:54:03","modified_gmt":"2025-02-18T19:54:03","slug":"toner-xerox-106r03745-black-para-versalink-c70xx","status":"publish","type":"product","link":"https:\/\/corporaciongonza.com\/index.php\/product\/toner-xerox-106r03745-black-para-versalink-c70xx\/","title":{"rendered":"TONER XEROX 106R03745 BLACK PARA VERSALINK C70XX"},"content":{"rendered":"<h1><span>106R03745<\/span><\/h1>\n<h3><span>Cartucho de t\u00f3ner negro de capacidad extra alta<\/span><\/h3>\n<div class=\"xrx-fw-product-sku-hero__blurb\"><span>El cartucho de t\u00f3ner negro de capacidad extraalta est\u00e1 especialmente formulado y probado para brindar la mejor calidad de imagen y la impresi\u00f3n m\u00e1s confiable que pueda obtener p\u00e1gina tras p\u00e1gina. Los consumibles originales de Xerox y los equipos de Xerox est\u00e1n hechos el uno para el otro. No acepte imitaciones.<\/span><\/div>\n<div class=\"xrx-fw-product-sku-hero__compatibility\">\n<div><span>Compatible con:<\/span><\/div>\n<ul>\n<li><span>Impresoras multifunci\u00f3n color Xerox\u00ae VersaLink\u00ae serie C7000<\/span><\/li>\n<\/ul>\n<\/div>\n","protected":false},"excerpt":{"rendered":"<ul>\n<li class=\"mb-1\">PartNumber: 106R03745<\/li>\n<li class=\"mb-1\">Marca: XEROX<\/li>\n<li class=\"mb-1\"><b>L\u00ednea:<\/b>\u00a0SUMINISTROS<\/li>\n<li class=\"mb-1\"><b>Sublinea:<\/b>\u00a0SUMINISTROS DE IMP. LASER<\/li>\n<li class=\"mb-1\"><b>Grupo:<\/b>\u00a0TONERS PARA IMPRESORA<\/li>\n<li class=\"mb-1\"><b>Otros:<\/b>\u00a0Rendimiento: 23,600 p\u00e1ginas<\/li>\n<\/ul>\n","protected":false},"featured_media":2003,"comment_status":"open","ping_status":"closed","template":"","meta":{"advanced_seo_description":"","jetpack_seo_html_title":"","jetpack_seo_noindex":false,"_joinchat":[]},"pwb-brand":[70],"product_cat":[130],"product_tag":[],"jetpack_sharing_enabled":true,"brands":[{"id":70,"name":"XEROX","slug":"xerox"}],"_links":{"self":[{"href":"https:\/\/corporaciongonza.com\/index.php\/wp-json\/wp\/v2\/product\/1999"}],"collection":[{"href":"https:\/\/corporaciongonza.com\/index.php\/wp-json\/wp\/v2\/product"}],"about":[{"href":"https:\/\/corporaciongonza.com\/index.php\/wp-json\/wp\/v2\/types\/product"}],"replies":[{"embeddable":true,"href":"https:\/\/corporaciongonza.com\/index.php\/wp-json\/wp\/v2\/comments?post=1999"}],"wp:featuredmedia":[{"embeddable":true,"href":"https:\/\/corporaciongonza.com\/index.php\/wp-json\/wp\/v2\/media\/2003"}],"wp:attachment":[{"href":"https:\/\/corporaciongonza.com\/index.php\/wp-json\/wp\/v2\/media?parent=1999"}],"wp:term":[{"taxonomy":"pwb-brand","embeddable":true,"href":"https:\/\/corporaciongonza.com\/index.php\/wp-json\/wp\/v2\/pwb-brand?post=1999"},{"taxonomy":"product_cat","embeddable":true,"href":"https:\/\/corporaciongonza.com\/index.php\/wp-json\/wp\/v2\/product_cat?post=1999"},{"taxonomy":"product_tag","embeddable":true,"href":"https:\/\/corporaciongonza.com\/index.php\/wp-json\/wp\/v2\/product_tag?post=1999"}],"curies":[{"name":"wp","href":"https:\/\/api.w.org\/{rel}","templated":true}]}}