{"id":2052,"date":"2025-05-14T19:46:54","date_gmt":"2025-05-15T00:46:54","guid":{"rendered":"https:\/\/corporaciongonza.com\/?post_type=product&#038;p=2052"},"modified":"2025-11-01T22:21:52","modified_gmt":"2025-11-02T03:21:52","slug":"botella-tinta-epson-t504220-al-cian","status":"publish","type":"product","link":"https:\/\/corporaciongonza.com\/index.php\/product\/botella-tinta-epson-t504220-al-cian\/","title":{"rendered":"Botella de Tinta Epson T504220-AL Cian 70 ml Original para EcoTank | CORPORACI\u00d3N GONZA S.A.C."},"content":{"rendered":"<h3 data-start=\"1041\" data-end=\"1070\">\ud83d\udda8\ufe0f Descripci\u00f3n general<\/h3>\n<p data-start=\"1071\" data-end=\"1448\">La <strong data-start=\"1074\" data-end=\"1105\">Epson T504220-AL color cian<\/strong> es una <strong data-start=\"1113\" data-end=\"1142\">botella de tinta original<\/strong> dise\u00f1ada especialmente para las impresoras <strong data-start=\"1186\" data-end=\"1203\">Epson EcoTank<\/strong>, garantizando impresiones n\u00edtidas, colores vivos y mayor durabilidad.<br data-start=\"1273\" data-end=\"1276\" \/>Su dise\u00f1o antiderrame permite una recarga limpia y sencilla, mientras su f\u00f3rmula original Epson asegura un rendimiento confiable y protecci\u00f3n de los cabezales de impresi\u00f3n.<\/p>\n<p data-start=\"1450\" data-end=\"1582\">Ideal para hogares, oficinas o negocios que buscan <strong data-start=\"1501\" data-end=\"1542\">impresi\u00f3n econ\u00f3mica y de alta calidad<\/strong>, sin perder la garant\u00eda del fabricante.<\/p>\n<div class=\"_tableContainer_1rjym_1\">\n<div class=\"group _tableWrapper_1rjym_13 flex w-fit flex-col-reverse\" tabindex=\"-1\">\n<table class=\"w-fit min-w-(--thread-content-width)\" data-start=\"1625\" data-end=\"2202\">\n<thead data-start=\"1625\" data-end=\"1653\">\n<tr data-start=\"1625\" data-end=\"1653\">\n<th data-start=\"1625\" data-end=\"1642\" data-col-size=\"sm\">Caracter\u00edstica<\/th>\n<th data-start=\"1642\" data-end=\"1653\" data-col-size=\"md\">Detalle<\/th>\n<\/tr>\n<\/thead>\n<tbody data-start=\"1685\" data-end=\"2202\">\n<tr data-start=\"1685\" data-end=\"1706\">\n<td data-start=\"1685\" data-end=\"1697\" data-col-size=\"sm\"><strong data-start=\"1687\" data-end=\"1696\">Marca<\/strong><\/td>\n<td data-col-size=\"md\" data-start=\"1697\" data-end=\"1706\">Epson<\/td>\n<\/tr>\n<tr data-start=\"1707\" data-end=\"1748\">\n<td data-start=\"1707\" data-end=\"1734\" data-col-size=\"sm\"><strong data-start=\"1709\" data-end=\"1733\">Modelo \/ N\u00ba de parte<\/strong><\/td>\n<td data-col-size=\"md\" data-start=\"1734\" data-end=\"1748\">T504220-AL<\/td>\n<\/tr>\n<tr data-start=\"1749\" data-end=\"1776\">\n<td data-start=\"1749\" data-end=\"1761\" data-col-size=\"sm\"><strong data-start=\"1751\" data-end=\"1760\">Color<\/strong><\/td>\n<td data-col-size=\"md\" data-start=\"1761\" data-end=\"1776\">Cian (Cyan)<\/td>\n<\/tr>\n<tr data-start=\"1777\" data-end=\"1828\">\n<td data-start=\"1777\" data-end=\"1797\" data-col-size=\"sm\"><strong data-start=\"1779\" data-end=\"1796\">Tipo de tinta<\/strong><\/td>\n<td data-col-size=\"md\" data-start=\"1797\" data-end=\"1828\">Pigmentada (original Epson)<\/td>\n<\/tr>\n<tr data-start=\"1829\" data-end=\"1854\">\n<td data-start=\"1829\" data-end=\"1845\" data-col-size=\"sm\"><strong data-start=\"1831\" data-end=\"1844\">Capacidad<\/strong><\/td>\n<td data-col-size=\"md\" data-start=\"1845\" data-end=\"1854\">70 ml<\/td>\n<\/tr>\n<tr data-start=\"1855\" data-end=\"1927\">\n<td data-start=\"1855\" data-end=\"1873\" data-col-size=\"sm\"><strong data-start=\"1857\" data-end=\"1872\">Rendimiento<\/strong><\/td>\n<td data-col-size=\"md\" data-start=\"1873\" data-end=\"1927\">Hasta 6,000 p\u00e1ginas (a cobertura est\u00e1ndar del 5 %)<\/td>\n<\/tr>\n<tr data-start=\"1928\" data-end=\"2031\">\n<td data-start=\"1928\" data-end=\"1949\" data-col-size=\"sm\"><strong data-start=\"1930\" data-end=\"1948\">Compatibilidad<\/strong><\/td>\n<td data-col-size=\"md\" data-start=\"1949\" data-end=\"2031\">Epson EcoTank L4150, L4160, L4260, L6161, L6171, L6191, L6270 y modelos afines<\/td>\n<\/tr>\n<tr data-start=\"2032\" data-end=\"2091\">\n<td data-start=\"2032\" data-end=\"2059\" data-col-size=\"sm\"><strong data-start=\"2034\" data-end=\"2058\">Sistema de impresi\u00f3n<\/strong><\/td>\n<td data-col-size=\"md\" data-start=\"2059\" data-end=\"2091\">Inyecci\u00f3n de tinta (EcoTank)<\/td>\n<\/tr>\n<tr data-start=\"2092\" data-end=\"2141\">\n<td data-start=\"2092\" data-end=\"2106\" data-col-size=\"sm\"><strong data-start=\"2094\" data-end=\"2105\">Formato<\/strong><\/td>\n<td data-col-size=\"md\" data-start=\"2106\" data-end=\"2141\">Botella con sistema antiderrame<\/td>\n<\/tr>\n<tr data-start=\"2142\" data-end=\"2202\">\n<td data-start=\"2142\" data-end=\"2158\" data-col-size=\"sm\"><strong data-start=\"2144\" data-end=\"2157\">Condici\u00f3n<\/strong><\/td>\n<td data-col-size=\"md\" data-start=\"2158\" data-end=\"2202\">Producto original Epson, nuevo y sellado<\/td>\n<\/tr>\n<\/tbody>\n<\/table>\n<\/div>\n<\/div>\n<hr data-start=\"2204\" data-end=\"2207\" \/>\n<h3 data-start=\"2209\" data-end=\"2240\">\ud83d\udca1 Beneficios principales<\/h3>\n<ul data-start=\"2242\" data-end=\"2713\">\n<li data-start=\"2242\" data-end=\"2343\">\n<p data-start=\"2244\" data-end=\"2343\">\ud83d\udd35 <strong data-start=\"2247\" data-end=\"2276\">Color intenso y duradero:<\/strong> ofrece impresiones cian vivas, con excelente fidelidad de color.<\/p>\n<\/li>\n<li data-start=\"2344\" data-end=\"2432\">\n<p data-start=\"2346\" data-end=\"2432\">\ud83d\udca7 <strong data-start=\"2349\" data-end=\"2369\">F\u00e1cil rellenado:<\/strong> dise\u00f1o exclusivo de boquilla para evitar derrames y manchas.<\/p>\n<\/li>\n<li data-start=\"2433\" data-end=\"2515\">\n<p data-start=\"2435\" data-end=\"2515\">\ud83d\udcb0 <strong data-start=\"2438\" data-end=\"2463\">Rendimiento superior:<\/strong> hasta 6,000 p\u00e1ginas con bajo costo por impresi\u00f3n.<\/p>\n<\/li>\n<li data-start=\"2516\" data-end=\"2612\">\n<p data-start=\"2518\" data-end=\"2612\">\u2699\ufe0f <strong data-start=\"2521\" data-end=\"2546\">Protege tu impresora:<\/strong> evita obstrucciones y mantiene el rendimiento de los cabezales.<\/p>\n<\/li>\n<li data-start=\"2613\" data-end=\"2713\">\n<p data-start=\"2615\" data-end=\"2713\">\ud83e\uddfe <strong data-start=\"2618\" data-end=\"2637\">Original Epson:<\/strong> garantiza compatibilidad, calidad y preserva la garant\u00eda de tu impresora.<\/p>\n<\/li>\n<\/ul>\n<hr data-start=\"2715\" data-end=\"2718\" \/>\n<h3 data-start=\"2720\" data-end=\"2746\">\ud83d\ude9a Env\u00edos y garant\u00eda<\/h3>\n<p data-start=\"2748\" data-end=\"2792\">En <strong data-start=\"2751\" data-end=\"2779\">CORPORACI\u00d3N GONZA S.A.C.<\/strong> ofrecemos:<\/p>\n<ul data-start=\"2793\" data-end=\"2961\">\n<li data-start=\"2793\" data-end=\"2855\">\n<p data-start=\"2795\" data-end=\"2855\">\ud83d\udce6 <strong data-start=\"2798\" data-end=\"2823\">Env\u00edos a todo el Per\u00fa<\/strong> mediante transportes seguros.<\/p>\n<\/li>\n<li data-start=\"2856\" data-end=\"2898\">\n<p data-start=\"2858\" data-end=\"2898\">\ud83d\udd12 <strong data-start=\"2861\" data-end=\"2896\">Garant\u00eda de autenticidad Epson.<\/strong><\/p>\n<\/li>\n<li data-start=\"2899\" data-end=\"2961\">\n<p data-start=\"2901\" data-end=\"2961\">\ud83d\udccd Atenci\u00f3n personalizada y soporte t\u00e9cnico especializado.<\/p>\n<\/li>\n<\/ul>\n<hr data-start=\"2963\" data-end=\"2966\" \/>\n<h3 data-start=\"2968\" data-end=\"2997\">\ud83d\udcac Preguntas frecuentes<\/h3>\n<p data-start=\"2999\" data-end=\"3109\"><strong data-start=\"2999\" data-end=\"3033\">\u00bfEsta tinta es original Epson?<\/strong><br data-start=\"3033\" data-end=\"3036\" \/>S\u00ed, es 100 % original Epson T504220-AL, con empaque sellado de f\u00e1brica.<\/p>\n<p data-start=\"3111\" data-end=\"3303\"><strong data-start=\"3111\" data-end=\"3148\">\u00bfSirve para mi impresora EcoTank?<\/strong><br data-start=\"3148\" data-end=\"3151\" \/>Es compatible con varios modelos EcoTank como L4150, L4160, L4260, L6161, L6171, L6191, L6270. Si tienes dudas, cont\u00e1ctanos y te ayudamos a verificar.<\/p>\n<p data-start=\"3305\" data-end=\"3416\"><strong data-start=\"3305\" data-end=\"3335\">\u00bfCu\u00e1nto rinde una botella?<\/strong><br data-start=\"3335\" data-end=\"3338\" \/>Aproximadamente <strong data-start=\"3354\" data-end=\"3371\">6,000 p\u00e1ginas<\/strong> con cobertura de impresi\u00f3n est\u00e1ndar (5 %).<\/p>\n","protected":false},"excerpt":{"rendered":"<p><strong>Linea:<\/strong>\u00a0SUMINISTROS<br \/>\n<strong>SubLinea:<\/strong>\u00a0SUMINISTROS DE IMP. DE TINTA<br \/>\n<strong>PartNumber:<\/strong>\u00a0T504220-AL<br \/>\n<strong>Marca:<\/strong>\u00a0EPSON<\/p>\n","protected":false},"featured_media":2257,"comment_status":"open","ping_status":"closed","template":"","meta":{"advanced_seo_description":"","jetpack_seo_html_title":"","jetpack_seo_noindex":false,"_joinchat":{"telephone":"+51952341159","message_text":"\u00a1Hola! Bienvenidos a Corporaci\u00f3n Gonza s.a.c.\n\n\u00bfC\u00f3mo podemos\u00a0ayudarte?","message_send":"ventas@corporaciongonza.com"}},"pwb-brand":[72],"product_cat":[140,121],"product_tag":[204,201,208,209,207,203,202,205,206],"jetpack_sharing_enabled":true,"brands":[{"id":72,"name":"EPSON","slug":"epson"}],"_links":{"self":[{"href":"https:\/\/corporaciongonza.com\/index.php\/wp-json\/wp\/v2\/product\/2052"}],"collection":[{"href":"https:\/\/corporaciongonza.com\/index.php\/wp-json\/wp\/v2\/product"}],"about":[{"href":"https:\/\/corporaciongonza.com\/index.php\/wp-json\/wp\/v2\/types\/product"}],"replies":[{"embeddable":true,"href":"https:\/\/corporaciongonza.com\/index.php\/wp-json\/wp\/v2\/comments?post=2052"}],"wp:featuredmedia":[{"embeddable":true,"href":"https:\/\/corporaciongonza.com\/index.php\/wp-json\/wp\/v2\/media\/2257"}],"wp:attachment":[{"href":"https:\/\/corporaciongonza.com\/index.php\/wp-json\/wp\/v2\/media?parent=2052"}],"wp:term":[{"taxonomy":"pwb-brand","embeddable":true,"href":"https:\/\/corporaciongonza.com\/index.php\/wp-json\/wp\/v2\/pwb-brand?post=2052"},{"taxonomy":"product_cat","embeddable":true,"href":"https:\/\/corporaciongonza.com\/index.php\/wp-json\/wp\/v2\/product_cat?post=2052"},{"taxonomy":"product_tag","embeddable":true,"href":"https:\/\/corporaciongonza.com\/index.php\/wp-json\/wp\/v2\/product_tag?post=2052"}],"curies":[{"name":"wp","href":"https:\/\/api.w.org\/{rel}","templated":true}]}}