{"id":2055,"date":"2025-06-02T13:31:25","date_gmt":"2025-06-02T18:31:25","guid":{"rendered":"https:\/\/corporaciongonza.com\/?post_type=product&#038;p=2055"},"modified":"2025-06-02T13:42:57","modified_gmt":"2025-06-02T18:42:57","slug":"cartucho-de-impresion-im-c2510-negro","status":"publish","type":"product","link":"https:\/\/corporaciongonza.com\/index.php\/product\/cartucho-de-impresion-im-c2510-negro\/","title":{"rendered":"CARTUCHO DE IMPRESI\u00d3N IM C2510 NEGRO"},"content":{"rendered":"<p><strong><span style=\"color: #333333;\">Modelo IM C2510H<\/span><\/strong><\/p>\n<p>C\u00f3digo De F\u00e1brica:\u00a0 \u00a0 \u00a0 \u00a0 \u00a0 \u00a0 842561\/842565\/842569\/842591<\/p>\n<p>Tecnolog\u00eda De Impresi\u00f3n\u00a0 :\u00a0 \u00a0 \u00a0 \u00a0 \u00a0 \u00a0 L\u00e1ser a Color<\/p>\n<p>Color :\u00a0 \u00a0 Negro | Black<\/p>\n<p>Contenido\u00a0 :\u00a0 \u00a0 \u00a0 \u00a0 431 Gramos \/ 15.20 Oz<\/p>\n<p>Capacidad :\u00a0 \u00a0 \u00a0 \u00a0 \u00a0 Alta<\/p>\n<p>Rendimiento De Impresi\u00f3n:\u00a0 \u00a0 \u00a0 \u00a0 \u00a0 Hasta 30.000 P\u00e1ginas<\/p>\n<p>Compatibilidad:<\/p>\n<p style=\"padding-left: 40px;\">Impresora Multifuncional Ricoh IM C2010<\/p>\n<p style=\"padding-left: 40px;\">Impresora Multifuncional Ricoh IM C2510<\/p>\n<p style=\"padding-left: 40px;\">Impresora Multifuncional Ricoh IM C2010(A)<\/p>\n<p style=\"padding-left: 40px;\">Impresora Multifuncional Ricoh IM C2510(A)<\/p>\n<p>Garant\u00eda\u00a0 \u00a0:\u00a0 \u00a0 \u00a0 \u00a0 \u00a0 \u00a06 Meses<\/p>\n<p>Condici\u00f3n :\u00a0 \u00a0 \u00a0 \u00a0 \u00a0 Nuevo | Original | Sellado<\/p>\n<p>Toner Ricoh IM C2010, IM\u00a0 C2510<\/p>\n<p>T\u00f3ner Ricoh Im C2010, Im C2510 Negro Original ,\u00a0 Rendimiento\u00a0 30,000 paginas<\/p>\n<p>N\u00faero De Fabricante:\u00a0 942591<\/p>\n<p>Color:\u00a0 \u00a0 \u00a0Negro<\/p>\n<p>Rendimiento M\u00e1ximo Por Unidad (Color)\u00a0\u00a0\u00a0\u00a0\u00a0\u00a0\u00a0\u00a0\u00a0\u00a0\u00a0\u00a0 \u00a0 30,000\u00a0 p\u00e1ginas<\/p>\n","protected":false},"excerpt":{"rendered":"<p><strong>CARTUCHO DE IMPRESI\u00d3N IM C2510 NEGRO<\/strong><\/p>\n<p>SKU 842591<\/p>\n<p>Suministro: Cartucho De T\u00f3ner<\/p>\n<p>Marca: Ricoh<\/p>\n<p>Modelo: IM C2510H<\/p>\n<p>C\u00f3digo De F\u00e1brica: 842591<\/p>\n<p>Tecnolog\u00eda De Impresi\u00f3n: L\u00e1ser a Color<\/p>\n<p>Color: Negro<\/p>\n<p>Contenido: 431 Gramos \/ 15.20 Oz<\/p>\n<p>Capacidad: Alta<\/p>\n<p>Rendimiento De Impresi\u00f3n: 30.000 P\u00e1ginas<\/p>\n<p>Compatibilidad: Impresoras Multifunci\u00f3n Ricoh IM C2010 \/ IM C2510<\/p>\n<p>Condici\u00f3n Del Producto: Nuevo | Original | Sellado<\/p>\n<p>\u2013Imagen Referencial\u2013<\/p>\n","protected":false},"featured_media":2056,"comment_status":"open","ping_status":"closed","template":"","meta":{"advanced_seo_description":"","jetpack_seo_html_title":"","jetpack_seo_noindex":false,"_joinchat":[]},"pwb-brand":[76],"product_cat":[133,15],"product_tag":[],"jetpack_sharing_enabled":true,"brands":[{"id":76,"name":"RICOH","slug":"ricoh"}],"_links":{"self":[{"href":"https:\/\/corporaciongonza.com\/index.php\/wp-json\/wp\/v2\/product\/2055"}],"collection":[{"href":"https:\/\/corporaciongonza.com\/index.php\/wp-json\/wp\/v2\/product"}],"about":[{"href":"https:\/\/corporaciongonza.com\/index.php\/wp-json\/wp\/v2\/types\/product"}],"replies":[{"embeddable":true,"href":"https:\/\/corporaciongonza.com\/index.php\/wp-json\/wp\/v2\/comments?post=2055"}],"wp:featuredmedia":[{"embeddable":true,"href":"https:\/\/corporaciongonza.com\/index.php\/wp-json\/wp\/v2\/media\/2056"}],"wp:attachment":[{"href":"https:\/\/corporaciongonza.com\/index.php\/wp-json\/wp\/v2\/media?parent=2055"}],"wp:term":[{"taxonomy":"pwb-brand","embeddable":true,"href":"https:\/\/corporaciongonza.com\/index.php\/wp-json\/wp\/v2\/pwb-brand?post=2055"},{"taxonomy":"product_cat","embeddable":true,"href":"https:\/\/corporaciongonza.com\/index.php\/wp-json\/wp\/v2\/product_cat?post=2055"},{"taxonomy":"product_tag","embeddable":true,"href":"https:\/\/corporaciongonza.com\/index.php\/wp-json\/wp\/v2\/product_tag?post=2055"}],"curies":[{"name":"wp","href":"https:\/\/api.w.org\/{rel}","templated":true}]}}