{"id":257,"date":"2022-05-04T14:26:24","date_gmt":"2022-05-04T14:26:24","guid":{"rendered":"https:\/\/startersites.io\/blocksy\/gadgets\/?post_type=product&#038;p=257"},"modified":"2024-09-13T10:27:01","modified_gmt":"2024-09-13T15:27:01","slug":"razer-blackshark","status":"publish","type":"product","link":"https:\/\/corporaciongonza.com\/index.php\/product\/razer-blackshark\/","title":{"rendered":"TONER HP W2020A (414A) L.J. M454 NEGRO 2,400 PGS &#8211; ORIGINAL"},"content":{"rendered":"<h1>TONER HP W2020A (414A) L.J. M454 NEGRO 2,400 PGS &#8211; ORIGINAL<\/h1>\n<p>imprima documentos de colores intensos con cartuchos de t\u00f3ner originales HP con JetIntelligence dise\u00f1ados para su impresora. Elija las opciones de alta capacidad para imprimir grandes vol\u00famenes en la oficina y con protecci\u00f3n contra falsificaciones gracias a la tecnolog\u00eda antifraude HP.<\/p>\n<ul>\n<li>Subgrupo de producto: Cartuchos de t\u00f3ner de capacidad est\u00e1ndar<\/li>\n<li>Color(es) de consumibles de impresi\u00f3n: Amarillo<\/li>\n<li>Rendimiento en cantidad de p\u00e1ginas (color): 2.100 p\u00e1ginas<\/li>\n<li>Contenido de la caja: Cartuchos de t\u00f3ner; Gu\u00eda de reciclaje<\/li>\n<\/ul>\n<h3>DETALLES:<\/h3>\n<p>\u2013 <strong>Marca:<\/strong> HP<br \/>\n\u2013 <strong>Producto:<\/strong> Toner<br \/>\n\u2013 <strong>Modelo:<\/strong> 414A \/ W2020A<br \/>\n\u2013 <strong>Rendimiento:<\/strong> 2100 p\u00e1ginas<br \/>\n\u2013 <strong>Linea:<\/strong> LaserJet<br \/>\n\u2013 <strong>Tecnolog\u00eda de impresi\u00f3n:<\/strong> l\u00e1ser<br \/>\n\u2013 <strong>N\u00famero de apilado para caja de cart\u00f3n:<\/strong> 36<br \/>\n\u2013 <strong>Color:<\/strong> Cyan<br \/>\n\u2013 <strong>Fabricaci\u00f3n:<\/strong> Jap\u00f3n<\/p>\n<h3>Dimensiones<\/h3>\n<p><strong>-Longitud:<\/strong> 10.1 cm<br \/>\n<strong>-Ancho:<\/strong> 36.5 cm<br \/>\n<strong>-Alto:<\/strong> 12.3 cm<br \/>\n<strong>-Peso:<\/strong> 800 gr<\/p>\n<h2>Caracteristicas<\/h2>\n<p>\u2013 Toner original HP.<br \/>\n\u2013 Cartucho de t\u00f3ner de capacidad est\u00e1ndar.<br \/>\n\u2013 Imprima documentos de colores intensos con cartuchos de t\u00f3ner originales HP con JetIntelligence<br \/>\ndise\u00f1ados para su impresora.<br \/>\n\u2013 Elija las opciones de alta capacidad para imprimir grandes vol\u00famenes en la oficina y con protecci\u00f3n<br \/>\n\u2013 Impresi\u00f3n constante y sin interrupciones con el T\u00f3ner Original de HP.<br \/>\n\u2013 Chip, firmware y empaque a prueba de manipulaciones.<br \/>\n\u2013 Al elegir Cartuchos Originales HP, usted est\u00e1 participando en la econom\u00eda circular. Con su ayuda, el<br \/>\nproceso de reciclaje HP le da nueva vida a los productos.<br \/>\n\u2013 Cumple con la calidad de aire en interiores a trav\u00e9s de los criterios de emisiones de etiqueta<br \/>\necol\u00f3gica.<br \/>\n\u2013 Produzca documentos color de calidad superior, a la velocidad para la cual se cre\u00f3 su impresora.<br \/>\n\u2013 Tenga la seguridad de que obtiene el m\u00e1ximo valor de su cartucho. Los cartuchos de t\u00f3ner originales<br \/>\nHP con JetIntelligence ofrecen opciones de alta capacidad rentables y eficacia con seguimiento<br \/>\ninteligente de los niveles de t\u00f3ner.<br \/>\n\u2013 El t\u00f3ner y el tambor de creaci\u00f3n de im\u00e1genes est\u00e1n combinados en un elemento, por lo que no<br \/>\nnecesita controlar ni comprar un tambor adicional.<br \/>\n\u2013 Envoltorio Reciclable.<br \/>\n\u2013 Producto reciclable.<br \/>\n\u2013 Producto con Certificaci\u00f3n Europea (CE)<br \/>\n\u2013 Producto con rendimiento conforme seg\u00fan a la norma ISO\/IEC 19798<\/p>\n","protected":false},"excerpt":{"rendered":"<h2 class=\"mb-3\">Detalles del producto<\/h2>\n<div class=\"product-single-w3l\">\n<ul>\n<li class=\"mb-1\"><strong>C\u00f3digo:<\/strong> 0506-014962<\/li>\n<li class=\"mb-1\"><strong>C\u00f3digo<\/strong> Interno: TOHPW2020A<\/li>\n<li class=\"mb-1\"><strong>PartNumber:<\/strong> W2020A<\/li>\n<li class=\"mb-1\"><strong>Marca:<\/strong> HEWLETT PACKARD<\/li>\n<li class=\"mb-1\"><b>L\u00ednea:<\/b> SUMINISTROS<\/li>\n<li class=\"mb-1\"><b>Sublinea:<\/b> SUMINISTROS DE IMP. LASER<\/li>\n<li class=\"mb-1\"><b>Grupo:<\/b> TONERS PARA IMPRESORA<\/li>\n<li class=\"mb-1\"><strong>Color:<\/strong> Negro<\/li>\n<li class=\"mb-1\"><strong>Compatibilidad:<\/strong> HP Color LaserJet Pro M454 series, HP Color LaserJet Pro MFP M479 series<\/li>\n<li class=\"mb-1\"><strong>Rendimiento:<\/strong> 2400 p\u00e1ginas.<\/li>\n<\/ul>\n<\/div>\n","protected":false},"featured_media":1099,"comment_status":"open","ping_status":"closed","template":"","meta":{"advanced_seo_description":"","jetpack_seo_html_title":"","jetpack_seo_noindex":false,"_joinchat":[]},"pwb-brand":[69],"product_cat":[15,131],"product_tag":[],"jetpack_sharing_enabled":true,"brands":[{"id":69,"name":"HP","slug":"hp"}],"_links":{"self":[{"href":"https:\/\/corporaciongonza.com\/index.php\/wp-json\/wp\/v2\/product\/257"}],"collection":[{"href":"https:\/\/corporaciongonza.com\/index.php\/wp-json\/wp\/v2\/product"}],"about":[{"href":"https:\/\/corporaciongonza.com\/index.php\/wp-json\/wp\/v2\/types\/product"}],"replies":[{"embeddable":true,"href":"https:\/\/corporaciongonza.com\/index.php\/wp-json\/wp\/v2\/comments?post=257"}],"wp:featuredmedia":[{"embeddable":true,"href":"https:\/\/corporaciongonza.com\/index.php\/wp-json\/wp\/v2\/media\/1099"}],"wp:attachment":[{"href":"https:\/\/corporaciongonza.com\/index.php\/wp-json\/wp\/v2\/media?parent=257"}],"wp:term":[{"taxonomy":"pwb-brand","embeddable":true,"href":"https:\/\/corporaciongonza.com\/index.php\/wp-json\/wp\/v2\/pwb-brand?post=257"},{"taxonomy":"product_cat","embeddable":true,"href":"https:\/\/corporaciongonza.com\/index.php\/wp-json\/wp\/v2\/product_cat?post=257"},{"taxonomy":"product_tag","embeddable":true,"href":"https:\/\/corporaciongonza.com\/index.php\/wp-json\/wp\/v2\/product_tag?post=257"}],"curies":[{"name":"wp","href":"https:\/\/api.w.org\/{rel}","templated":true}]}}