{"id":2879,"date":"2026-01-30T13:11:46","date_gmt":"2026-01-30T18:11:46","guid":{"rendered":"https:\/\/corporaciongonza.com\/?post_type=product&#038;p=2879"},"modified":"2026-01-30T13:13:34","modified_gmt":"2026-01-30T18:13:34","slug":"fusor-xerox-115r00140-220v-original-para-versalink-b600-b605-b610-b615","status":"publish","type":"product","link":"https:\/\/corporaciongonza.com\/index.php\/product\/fusor-xerox-115r00140-220v-original-para-versalink-b600-b605-b610-b615\/","title":{"rendered":"Fusor Xerox 115R00140 220V Original para VersaLink B600 B605 B610 B615"},"content":{"rendered":"<h2><strong>DESCRIPCI\u00d3N DEL PRODUCTO<\/strong><\/h2>\n<p data-path-to-node=\"5\"><span class=\"citation-23 citation-end-23\">El Fusor Xerox 115R00140 (220V) es un componente de mantenimiento original dise\u00f1ado espec\u00edficamente para garantizar la calidad de impresi\u00f3n y la fiabilidad de sus equipos Xerox VersaLink.<\/span> <span class=\"citation-22 citation-end-22\">Este m\u00f3dulo de fusi\u00f3n es un art\u00edculo de larga duraci\u00f3n, formulado y probado rigurosamente por Xerox para asegurar una adherencia perfecta del t\u00f3ner al papel, evitando manchas y garantizando textos n\u00edtidos y gr\u00e1ficos claros p\u00e1gina tras p\u00e1gina.<\/span> <span class=\"citation-21 citation-end-21\">Al ser un producto genuino, prolonga la vida \u00fatil de su impresora y mantiene la garant\u00eda del equipo.<br \/>\n<\/span><\/p>\n<h3 data-path-to-node=\"10\">COMPATIBILIDAD<\/h3>\n<p data-path-to-node=\"11\">Este fusor est\u00e1 dise\u00f1ado exclusivamente para trabajar con las siguientes impresoras y multifuncionales:<\/p>\n<ul data-path-to-node=\"12\">\n<li>\n<p data-path-to-node=\"12,0,0\"><span class=\"citation-18 citation-end-18\">Xerox VersaLink B600<\/span><\/p>\n<\/li>\n<li>\n<p data-path-to-node=\"12,1,0\"><span class=\"citation-17 citation-end-17\">Xerox VersaLink B605<\/span><\/p>\n<\/li>\n<li>\n<p data-path-to-node=\"12,2,0\"><span class=\"citation-16 citation-end-16\">Xerox VersaLink B610<\/span><\/p>\n<\/li>\n<li>\n<p data-path-to-node=\"12,3,0\"><span class=\"citation-15 citation-end-15\">Xerox VersaLink B615<\/span><\/p>\n<\/li>\n<\/ul>\n<p data-path-to-node=\"5\">\n","protected":false},"excerpt":{"rendered":"<ul>\n<li><strong>Marca:<\/strong> Xerox<\/li>\n<li><strong>Tipo de Producto:<\/strong> Unidad de Fusor (Fuser Module) \/ Kit de Mantenimiento<\/li>\n<li><strong>N\u00famero de Parte (SKU):<\/strong> 115R00140<\/li>\n<li><strong>Voltaje:<\/strong> 220V<\/li>\n<li><strong>Tecnolog\u00eda de Impresi\u00f3n:<\/strong> L\u00e1ser Monocrom\u00e1tico<\/li>\n<li><strong>Rendimiento Estimado:<\/strong> 200,000 p\u00e1ginas (Duraci\u00f3n aproximada basada en el est\u00e1ndar ISO\/IEC de cobertura)<\/li>\n<li><strong>Condici\u00f3n:<\/strong> Nuevo \/ Original<\/li>\n<\/ul>\n","protected":false},"featured_media":2880,"comment_status":"open","ping_status":"closed","template":"","meta":{"advanced_seo_description":"","jetpack_seo_html_title":"","jetpack_seo_noindex":false,"_joinchat":[]},"pwb-brand":[70],"product_cat":[145,126],"product_tag":[636,629,631,632,633,634,635,566,637,630],"jetpack_sharing_enabled":true,"brands":[{"id":70,"name":"XEROX","slug":"xerox"}],"_links":{"self":[{"href":"https:\/\/corporaciongonza.com\/index.php\/wp-json\/wp\/v2\/product\/2879"}],"collection":[{"href":"https:\/\/corporaciongonza.com\/index.php\/wp-json\/wp\/v2\/product"}],"about":[{"href":"https:\/\/corporaciongonza.com\/index.php\/wp-json\/wp\/v2\/types\/product"}],"replies":[{"embeddable":true,"href":"https:\/\/corporaciongonza.com\/index.php\/wp-json\/wp\/v2\/comments?post=2879"}],"wp:featuredmedia":[{"embeddable":true,"href":"https:\/\/corporaciongonza.com\/index.php\/wp-json\/wp\/v2\/media\/2880"}],"wp:attachment":[{"href":"https:\/\/corporaciongonza.com\/index.php\/wp-json\/wp\/v2\/media?parent=2879"}],"wp:term":[{"taxonomy":"pwb-brand","embeddable":true,"href":"https:\/\/corporaciongonza.com\/index.php\/wp-json\/wp\/v2\/pwb-brand?post=2879"},{"taxonomy":"product_cat","embeddable":true,"href":"https:\/\/corporaciongonza.com\/index.php\/wp-json\/wp\/v2\/product_cat?post=2879"},{"taxonomy":"product_tag","embeddable":true,"href":"https:\/\/corporaciongonza.com\/index.php\/wp-json\/wp\/v2\/product_tag?post=2879"}],"curies":[{"name":"wp","href":"https:\/\/api.w.org\/{rel}","templated":true}]}}